**3 + 72*g**2 + 3*g + 114. Let b be u(-36). Give s(b).
-11
Let b(l) = 2*l**3 + 36*l**2 + 39*l - 11. Let x(t) = 4*t**3 + 74*t**2 + 78*t - 24. Let h(f) = 5*b(f) - 3*x(f). Determine h(-20).
-3
Suppose -4*l - 4*w + 40 = 0, -38 = 3*l - 7*l - 3*w. Let o(y) = -y**2 + 14*y**2 + 17*y + l - 3*y**2 + y**3. Let k be o(-8). Let n(i) = -i + 4. What is n(k)?
4
Let s(j) = 12*j**3 + 2*j**2 - 2*j - 1. Let q be ((-12)/(-144)*-4)/(1/3). Calculate s(q).
-9
Let l(z) be the first derivative of 3*z**2/2 + 15*z - 581. Give l(-12).
-21
Let b(r) be the first derivative of -r**2/2 - 4*r + 900. What is b(5)?
-9
Let f = 230 + -234. Let q(w) = -7*w + 3. Let i(b) = -2*b - 1. Let o(h) = f*i(h) + q(h). Calculate o(-6).
1
Let m = -5587 + 5576. Let i(j) = -j**2 - 3*j + 80. Determine i(m).
-8
Let i(z) = -z**3 - 3*z**2 - z. Let v = -64 - 29. Let h = v - -91. Give i(h).
-2
Let o(b) = 8*b - 17*b - 1748 + 6*b + 1781. Determine o(10).
3
Suppose -7*s + 5*s = 126. Let r = s - -91. Let f(u) = -u**2 - 30*u + 61*u - 3 - r*u. Determine f(3).
-3
Let r be 82/26 + 0 + 34/(-221). Suppose -2*y + r = -3. Let p be 1 - (8 - (y - -1)). Let f(d) = 2*d + 3. Calculate f(p).
-3
Let d(k) be the second derivative of -k**5/5 - k**4/12 + k**3/6 + k**2/2 - 3*k. Suppose 26199 = 88*g + 26287. Give d(g).
3
Suppose 50*l - 34 = 33*l. Let k(h) = -3*h - 3. Let q(o) = -7*o - 8. Let n(c) = l*q(c) - 5*k(c). What is n(-8)?
-9
Let s be -4*(1 - (-22)/(-8)). Suppose 0 = 6*v - 28*v + 396. Let o(f) = v*f - 9*f - 8*f - 4 + s. What is o(-3)?
0
Let s(d) be the third derivative of d**2 + 1 + 0*d**4 + 0*d + 1/3*d**3 - 1/120*d**6 - 1/20*d**5. Calculate s(-2).
-2
Let f(i) = -140 - 115 + 347 - 139 - 3*i. Calculate f(-13).
-8
Let q be (-41)/(-205) - 2/10. Let z be 0 + q - ((-64)/8 + 4). Let x(y) = y**2 - 4*y + 5. Calculate x(z).
5
Let b be (20/32)/((-20)/(-232)) + (-1)/4. Let j(s) = -s**3 + 7*s**2 + 3*s - 14. What is j(b)?
7
Let h(s) = s**2 + s + 1. Let y(t) = -3*t - 9. Let k be y(5). Let m(p) be the second derivative of p**4/12 + 4*p**3 - 2*p**2 - 12*p. Let c be m(k). Give h(c).
13
Suppose 21*h = 29*h - 16*h - 120. Let n(q) = 4*q + 49. Give n(h).
-11
Let c(n) = 16 - 45 + 21 + 12 + 8*n. Calculate c(-2).
-12
Let s(c) = -2*c**3 - 40*c**2 + 148*c - 33. Let v(a) = -a**3 - 20*a**2 + 72*a - 17. Let w(k) = 6*s(k) - 13*v(k). Calculate w(-22).
111
Let x(w) = -w**2 - 9*w - 7. Suppose -5*m - 6*m = -0*m + 11. What is x(m)?
1
Let g(l) = l**3 - 11*l**2 + 6*l + 8. Let v = 57 - 35. Let b = v + -12. Give g(b).
-32
Suppose 6*a = -28 + 10. Let o(g) = -5*g**2 - 8*g - 5. Let y be o(a). Let z = y - -27. Let f(i) = 3*i. Give f(z).
3
Suppose 107 + 805 = 6*d. Let q(c) = -7 + d*c - 153*c - 6. What is q(-7)?
-6
Suppose -5*f + 10 = 0, -g - 3*g + 10 = f. Suppose 4*l + 30 = 5*d, -3*l = l + g*d + 16. Let o(n) = 0*n - n - 3 - 10 + 2. What is o(l)?
-6
Let i(w) = -6*w. Suppose -670*m + 658*m - 24 = 0. Calculate i(m).
12
Let h be 10/1*323/190. Let p(f) be the third derivative of f**3 + 1/8*f**4 + 0*f + 0 + h*f**2. What is p(-6)?
-12
Let v(i) = 257 + i + 0*i + 3*i - 263. Suppose -4*y + 27 = -5*y. Let w be 3*3*(-12)/y. Give v(w).
10
Let k(h) be the first derivative of h**3/3 - h**2/2 - h - 1. Let o(a) = 102*a - 2142. Let m be o(21). What is k(m)?
-1
Let p(l) = 55*l + 3. Let w = 50 - 49. Give p(w).
58
Suppose 270 = 9*h + 243. Let t(v) = -6 + v**3 + h*v**2 + 9 + 44*v - 48*v. Give t(-5).
-27
Let h(d) = 2*d**2 + 16 - 8 - 9 - d**3. Let n be h(-1). Let y(z) = -7 - n*z + 5 + 2*z + z**2. Determine y(-2).
2
Let b(i) = 28 - 3*i - 29 + 4*i. Let f be (9/(-7))/((-195)/455). Calculate b(f).
2
Let u(p) = 5*p**3 - 22*p**2 + 8*p + 31. Let l(c) = -9*c**3 + 35*c**2 - 17*c - 62. Let q(v) = -4*l(v) - 7*u(v). Give q(-13).
44
Let j(o) = -50*o + 0*o + 30*o + 1 + 3*o**2. Calculate j(7).
8
Let a(i) = -2*i**3 - i**2 + 4. Let m be a(-2). Let u = -16 + m. Let l(c) = 0*c + u - c - 3. Give l(-5).
2
Let o(h) = -h**2 - 7*h - 6. Let f be o(-5). Let r = 2 + f. Let c(z) be the first derivative of -z**2/2 + 2*z - 1851. Give c(r).
-4
Let f(b) = 3 - 64*b - 61*b + 177*b - 55*b. Suppose -3*x - 1 = -5*j + 15, -x + 3*j = 4. Let p = 10 + x. Give f(p).
-6
Let c = -1 - 1. Let o(k) = -4*k**2 + k - 1. Let z(d) = -10*d**2 - d - 2. Let f(u) = -2*o(u) + z(u). What is f(c)?
-2
Let j(g) = 5*g**2 + 2*g - 1. Let c(t) = t**3 - 40*t**2 - 55*t - 11. Let w(b) = c(b) + 6*j(b). Calculate w(-3).
-5
Suppose -8*r + 140 = -4*r. Let c(f) = 7*f**3 + f + 34 - 24*f**3 - r. Suppose -4*p = 34 - 38. Calculate c(p).
-17
Let k be (-3)/12 + (-2107)/(-28). Let z = k - 70. Suppose z*w - 6 = -6. Let g(y) = -y**2 - 14. Give g(w).
-14
Suppose -47 = -3*g + 4*a, -2*a + 4 + 22 = 4*g. Suppose g*n - 26 = -8. Let b(o) = -2*o**2. Calculate b(n).
-8
Suppose 8*f - 4*f + 3*k = 82, -3*f + 4*k = -74. Let m be (2/6)/(f/396). Let p(l) = l + 6. Calculate p(m).
12
Let z(a) = -a + 5. Suppose -5*q - 196 = 44*q. What is z(q)?
9
Let q(u) be the third derivative of u**5/60 + u**4/12 + 19*u**3/6 - 1925*u**2. Calculate q(0).
19
Let j(g) = -2 + 3 - 36868*g + 36875*g. What is j(-3)?
-20
Let a(x) = -830*x + 1671*x - 124 - 154 - 833*x. Give a(36).
10
Suppose 5*d - 3 = 4*w, 3*w + 2 = -4*d + 4*w. Let v(q) be the third derivative of 13*q**4/24 + 1314*q**2. What is v(d)?
-13
Let r(s) = 0*s - 2*s**2 - 2*s + 7*s + 32 - 18. Let p be r(-2). Let j(f) be the second derivative of f**5/20 + f**4/4 - 5*f**3/6 + f**2/2 - f - 47. Give j(p).
5
Let i(y) = 515*y**2 - 10*y - 15. Let l be i(6). Let m(j) = -2 - 18463*j + l*j + 3. Calculate m(1).
3
Let z(v) = -v - 2. Let t = 908 + -906. Give z(t).
-4
Suppose 156 + 58 = 2*s. Let c = 113 - s. Let d(q) = -3*q + 8*q + q**3 - 5 + 2*q - c*q**2. Determine d(4).
-9
Let b(g) be the second derivative of -g**6/180 + g**5/15 - g**4/8 - 235*g**3/6 - 4*g + 43. Let q(t) be the second derivative of b(t). Determine q(6).
-27
Let z(c) = -c**3 + 3*c**2 + 64*c - 86. Let l be z(9). Let y(p) = -10*p + 47. Give y(l).
7
Let w(r) = r + 4. Let p(x) = -6*x + 38 + 12*x - x - 3*x. Let a be p(-22). Calculate w(a).
-2
Let t(d) be the third derivative of -d**5/60 + d**4/24 + 5*d**3/6 + 2*d**2. Suppose 43*o = 58*o. Give t(o).
5
Let r(f) be the second derivative of -f**7/420 - f**6/360 - f**5/120 - f**4/12 - 17*f**3/2 + f**2 - 20*f. Let g(c) be the second derivative of r(c). Give g(-2).
12
Let z(t) be the second derivative of -t**4/12 + 3*t**3/2 + t**2/2 - 2*t. Suppose x + 83*k - 82*k = 2*x, 0 = -3*x - 4*k + 77. Give z(x).
-21
Let r(k) = k**2 - 14*k + 24. Let u be r(12). Let p(m) = -m**3 - m**2 + 2*m - 1. Determine p(u).
-1
Let a(u) = -u**2 + 55. Let s be a(0). Suppose s*z - 58*z + 42 = 0. Let q(p) = 17 + 2*p - 7*p**2 - z - 9 + p**3. Give q(7).
8
Let x = 2078 - 2078. Let c(r) be the third derivative of 1/15*r**5 - 1/6*r**3 + 12*r**2 - 5/24*r**4 + x + 1/120*r**6 + 0*r. Calculate c(-5).
-1
Let q(v) = 37*v + 377. Suppose o - 2*c = -14, -o + 56*c - 66*c + 10 = 0. Determine q(o).
7
Suppose 20*v = 22*v. Let o(a) = 5*a - 17 - 7*a + v*a + 5*a. Calculate o(7).
4
Let f(o) = o + 9. Let n(a) = -3*a - 17. Let t(x) = 7*f(x) + 3*n(x). Let v be t(5). Let q(d) = -3 - 1 + 3 - v - 3*d. What is q(-2)?
3
Let b(q) = q**2 + 5*q + 3. Let n(u) = 2*u**2 + 31*u + 40. Let w = 412 + -426. Let j be n(w). Give b(j).
-3
Let n(g) = 2*g + 1. Let p be n(4). Let w = p - 9. Let j(d) be the third derivative of d**6/120 - d**4/24 + 17*d**3/6 + 7*d**2 - 1. What is j(w)?
17
Let b(y) = 8*y**2 + y + 19. Let r(d) = 13*d**2 - 2*d + 29. Let a(u) = -13*u**2 + u - 29. Let n(k) = -4*a(k) - 3*r(k). Let x(o) = -8*b(o) + 5*n(o). Give x(-5).
8
Let d(a) = -20*a - 638. Let b be d(-32). Let c(j) be the first derivative of -j**b + 0*j + 11 - 4/3*j**3. What is c(-2)?
-12
Let t(u) = 9*u**2 - 16*u - 3. Let q be t(3). Let k(n) = n**2 - q + 30 - 31*n + 34*n. What is k(-5)?
10
Suppose 0 = -18*w + 174 + 168. Suppose -16 + w = -3*g. Let m(u) = 2*u**3 + u**2 - u - 2. What is m(g)?
-2
Let m = 11 - 2. Let a = m + -6. Let v(c) = 10*c**2 - 10*c - 11. Let o(b) = 9*b**2 - 9*b - 10. Let y(q) = -7*o(q) + 6*v(q). Calculate y(a).
-14
Let x(w) = -w - 3. Let f be (3 - 420/80)*4*5. Let h = 112 + -161. Let q = h - f. What is x(q)?
1
Let q(v) = 14*v**3 + 3*v**2 - 3*v - 9. Let l(r) = -18*r**3 - r**2 + 5*r + 12. Let f(z) = -4*l(z) - 5*q(z). Give f(5).
-53
Let b(m) = -56112 + 112321 - 56103 + 23*m. Determine b(-5).
-9
Let c(k) be the third derivative of 7*